culate the remainder when 47 is divided by l/(-4)*96/9.
15
Suppose 0 = 3*q + 6*t - 3*t - 15, 4*q + 3*t - 22 = 0. Let w = -2 + 4. Suppose -w*u + 22 + 2 = 0. What is the remainder when u is divided by q?
5
What is the remainder when 60 - (-4 + (-4 - -2) + 3) is divided by 8?
7
Suppose 0 = -0*l - 2*l + 4. Let y(d) = 2*d - 1. Calculate the remainder when y(l) is divided by 3.
0
Let w = -9 - -8. Let l be (8 - 6) + w + 4. Suppose -3*o + 25 = 4*a - 23, 5*a - 25 = l*o. What is the remainder when a is divided by 4?
1
Calculate the remainder when 95 is divided by 340/14 - (-28)/(-98).
23
Suppose 5*k - 167 = -2*f, -3*k = 2*k - 15. Let u = f + -47. Calculate the remainder when u is divided by 8.
5
Suppose p + 5 = 2*p. Let w be 2*(-3)/(-2)*1. Suppose -w*h = -h - p*b - 57, -3*h + 5*b = -73. Calculate the remainder when 30 is divided by h.
14
Let t(p) = -4 + 0 - p**3 + 2 - 4*p**2 - 4*p. Calculate the remainder when t(-5) is divided by 15.
13
Suppose 2*z + 172 = 3*z. Suppose 4*c - z = -0*c. Calculate the remainder when c is divided by 15.
13
Let z = 39 + -31. What is the remainder when 23 is divided by z?
7
Let g(j) = -3*j. Let b be g(-6). Let t = b + -7. Calculate the remainder when t is divided by (12/(-10))/((-21)/70).
3
Let u = 6 + -6. Suppose -5*w = 3*a - 0*a - 150, u = 5*a. Calculate the remainder when w is divided by 11.
8
Let b(y) = -y**2 + 5*y + 1. Let p be b(4). Suppose -6*m = -p*m - 31. Let h(t) = t**3 + 5*t**2 + t - 4. Calculate the remainder when m is divided by h(-3).
9
Let d = -160 - -317. Suppose -3*t - 13 + d = 0. Suppose -4*f + t = -f. What is the remainder when f is divided by 9?
7
Let l(x) = -8*x + 3. What is the remainder when l(-8) is divided by 7?
4
Let d(q) be the first derivative of -21*q**2/2 + q + 1. Calculate the remainder when d(-1) is divided by 12.
10
Let m = 22 - 15. Calculate the remainder when m is divided by ((-6)/(-2))/(-1 - -2).
1
Let a(w) = w**3 + 9*w**2 - 13*w. What is the remainder when a(-10) is divided by 16?
14
Suppose -q + 5 = -18. Calculate the remainder when 113 is divided by q.
21
What is the remainder when 218 is divided by (-11*(-16)/(-4))/(0 + -1)?
42
Suppose 5*j + n = 36, n = 4*j - 2*n - 44. Let f = -20 + 41. Calculate the remainder when f is divided by j.
5
Let k be ((-7)/(-4))/(1/(-28)). Let t = 52 - 130. Let b = k - t. What is the remainder when b is divided by 10?
9
Calculate the remainder when 2 + (-4 - (-3 - 38)) is divided by 20.
19
Let b(q) = 2*q**2 - 10*q - 7. What is the remainder when b(-6) is divided by (2 - 0)/(1/16)?
29
Suppose 2*k = t, 0*t - 2*k - 8 = -3*t. What is the remainder when t/(-10) + 2870/50 is divided by 15?
12
Let o(z) = -2*z - z**2 - z**2 + 3*z - z**2 + z**3 + 2. Calculate the remainder when o(3) is divided by 2.
1
Let c = 52 - 11. Suppose -5*y - d = -c - 32, 2*y - 43 = -5*d. Calculate the remainder when y is divided by 8.
6
Suppose 153 - 17 = 4*z. Let c = -6 + 10. Suppose -c*a = -109 + 37. What is the remainder when z is divided by a?
16
Suppose -c + 5*m = -2 - 2, 3*m = 0. Calculate the remainder when 12 is divided by c.
0
Let g be (-2)/5 + (-4)/(-10). Suppose g = 4*d + l + 3*l - 20, 4*l - 22 = -5*d. Suppose -3*p - 2 = -17. Calculate the remainder when p is divided by d.
1
Suppose -5*p + 2 = r - 17, 5*r = -p - 1. Suppose 4*b + 4*v - 32 = 0, -3*b + p*v + v = 8. Calculate the remainder when 5 is divided by b.
1
Suppose 5*a + 18 = 3*c - 14, -2*c - 3*a = -15. Calculate the remainder when c is divided by 5.
4
Let n be 50/15*(-6)/(-4). Suppose -26 = -2*r + n*o, -2*r + 2 = -0*r + o. Suppose 4*g = 10 + 6. Calculate the remainder when g is divided by r.
1
Suppose 4*v - v = 81. What is the remainder when (241 - 27)*2/4 is divided by v?
26
Calculate the remainder when 46 is divided by (0 + -4 + 16)/((-1)/(-1)).
10
Let p(v) = -22*v + 1. Calculate the remainder when p(-1) is divided by 8.
7
Suppose 5*c = -0 - 10. Let g(n) = -5*n**3 - n**2 + 2*n. What is the remainder when 61 is divided by g(c)?
29
Let i(v) = -v**2 - 8*v + 6. Let z(c) = -3*c. Let m be z(3). Let w be i(m). Calculate the remainder when 22 is divided by ((-12)/5)/(w/10).
6
Calculate the remainder when (56 - -2)/(6 - 4) is divided by 18.
11
Let h(v) = -3*v + 5*v + 8 - 3*v. Calculate the remainder when 21 is divided by h(0).
5
Suppose -2 = -c + 3. Let k be (-1)/(1/(-14) - 0). Let r = 16 - k. What is the remainder when c is divided by r?
1
Suppose 75 = d + 2*d. What is the remainder when d is divided by 9?
7
Let t(j) = -4*j - 7. Suppose 2*v - 2*u = -2*v - 40, 0 = -4*v - 3*u - 30. Calculate the remainder when t(v) is divided by 16.
13
Let h = -188 + 361. Calculate the remainder when h is divided by 25.
23
Let n be (8/(-12))/(4/6). Let m = 5 - n. Calculate the remainder when 23 is divided by m.
5
Let s = 75 - 31. Suppose r = k - 22, -s = -2*k - r + 5*r. Calculate the remainder when 87 is divided by k.
21
Let i = 29 + -28. Calculate the remainder when 1 is divided by i.
0
Suppose 223 = 3*o + 2*a, 3*o + 9*a = 11*a + 203. Calculate the remainder when o is divided by 38.
33
Suppose 3*q + 2*k = -0*k + 25, -3*q + 3*k = -30. Let p(b) = -b**2 + 11*b - 8. Calculate the remainder when 19 is divided by p(q).
9
Let n(l) = -3 + 1 - l + 0. Let p be n(8). Let s(h) = -h**2 - 10*h + 13. Calculate the remainder when s(p) is divided by 8.
5
Suppose -36 = 3*k - 5*k. Suppose q + 5*s = k + 1, 2*q = 2*s + 62. Calculate the remainder when q is divided by 8.
5
Suppose l - 4 = 4. What is the remainder when 186/l - (-9)/(-36) is divided by 8?
7
Suppose -4*m = m - 20. Suppose 5*r + 5*a - 50 = 0, 4*r + r - m*a = 95. Calculate the remainder when 43 is divided by r.
13
Let m = 1 + -1. Suppose m = h + i + 32, 3*i - 114 = -h + 4*h. Let d = h - -63. Calculate the remainder when d is divided by 10.
8
Suppose -4*a - 2 = -10. Suppose x + a = 5*z, 2*z - 3 = -2*x + 5. What is the remainder when x is divided by 2?
1
Let p = 51 + -39. Suppose 117 - 47 = 2*x. Calculate the remainder when x is divided by p.
11
Suppose -35 = -5*f + 5*m, -2*f - 2*m + 5*m = -10. Calculate the remainder when (4/(-6))/((-3)/90) is divided by f.
9
Let s = 13 - 13. What is the remainder when 19 is divided by 1*(s/(-1) + 11)?
8
Suppose 4 = -2*w, -r - 3*w = -4*r - 9. Let d(i) = -4*i + 1. Let j = -21 + 32. What is the remainder when d(r) is divided by j?
10
Let v be (6/5)/(1/(-5)). Let t = v + 7. What is the remainder when t*23*(-1 - -2) is divided by 8?
7
Suppose 251 = 6*l - 55. Calculate the remainder when l is divided by 6.
3
Suppose -4*m + 8*m - 6 = 2*w, 4*m - 21 = -w. Suppose 2*v - 16 = 4*l, l = m*v + 6*l - 6. What is the remainder when 11 is divided by v?
3
Suppose 7 + 8 = 5*o. Let x(d) = o*d**2 - d**2 - 2*d + 3*d**2 - d**2. What is the remainder when 35 is divided by x(2)?
11
What is the remainder when 64 is divided by (-1 + 2)/(1/22)?
20
Let f be ((-3)/3 - -7)/2. Let q(a) = a**2 + 2. What is the remainder when (-4)/f*12/(-8) is divided by q(0)?
0
Suppose 0*w + 20 = 3*w - 5*v, 0 = 4*w + 4*v - 80. Let t(k) = -2*k**3 - 6*k**2 - 2*k + 4. Calculate the remainder when t(-4) is divided by w.
14
Suppose 5*c - 46 - 4 = 0. Calculate the remainder when 28 is divided by c.
8
Suppose 20 = 7*o - 36. What is the remainder when o is divided by 5?
3
Let v = -354 - -361. Calculate the remainder when ((-3)/4)/(2/(-88)) is divided by v.
5
Suppose u + 4*u - 5*a + 230 = 0, -3*u = -a + 138. Let q = 64 + u. What is the remainder when 34 is divided by q?
16
Let t be (1 - 2) + 3*1. Suppose t*x = j + 4*x - 3, 2*j = -x + 21. What is the remainder when (3 - 5) + (-25)/(-1) is divided by j?
10
Let z = 94 + -67. Calculate the remainder when 51 is divided by z.
24
Let w = -29 + 4. What is the remainder when 42 is divided by 10/4*(-220)/w?
20
Suppose -20 = 3*s - 92. What is the remainder when s is divided by -26*(1/(-6))/(8/24)?
11
Suppose -2*c + 128 = 28. Calculate the remainder when c is divided by 11.
6
Suppose -2*t = -5*t + x + 748, 15 = 3*x. What is the remainder when t is divided by 51?
47
Let o(p) = -4*p. Let b = 2 + -4. What is the remainder when o(b) is divided by 3?
2
Let f(l) = -l + 4*l - 3 - 3 - 4*l. Calculate the remainder when 4 is divided by f(-9).
1
Let t(s) = s**2 + 16*s + 74. Calculate the remainder when t(-7) is divided by (-9)/(1/(-2)*3).
5
Let t(o) = -o**2 - 9*o - 3. Let p be t(-8). Suppose -30 = -p*c +